{"id":3650,"date":"2026-02-01T13:32:36","date_gmt":"2026-02-01T13:32:36","guid":{"rendered":"https:\/\/www.operapragensia.cz\/?page_id=3650"},"modified":"2026-02-01T13:46:40","modified_gmt":"2026-02-01T13:46:40","slug":"publikace-architektura-pro-verejnost","status":"publish","type":"page","link":"https:\/\/www.operapragensia.cz\/?page_id=3650","title":{"rendered":"Publikace Architektura pro ve\u0159ejnost"},"content":{"rendered":"\t\t<div data-elementor-type=\"wp-page\" data-elementor-id=\"3650\" class=\"elementor elementor-3650\" data-elementor-post-type=\"page\">\n\t\t\t\t\t\t<section class=\"elementor-section elementor-top-section elementor-element elementor-element-e35b9e5 elementor-section-boxed elementor-section-height-default elementor-section-height-default\" data-id=\"e35b9e5\" data-element_type=\"section\">\n\t\t\t\t\t\t<div class=\"elementor-container elementor-column-gap-default\">\n\t\t\t\t\t<div class=\"elementor-column elementor-col-100 elementor-top-column elementor-element elementor-element-172984e\" data-id=\"172984e\" data-element_type=\"column\">\n\t\t\t<div class=\"elementor-widget-wrap elementor-element-populated\">\n\t\t\t\t\t\t<div class=\"elementor-element elementor-element-a6c3297 elementor-widget elementor-widget-heading\" data-id=\"a6c3297\" data-element_type=\"widget\" data-widget_type=\"heading.default\">\n\t\t\t\t<div class=\"elementor-widget-container\">\n\t\t\t<style>\/*! elementor - v3.23.0 - 15-07-2024 *\/\n.elementor-heading-title{padding:0;margin:0;line-height:1}.elementor-widget-heading .elementor-heading-title[class*=elementor-size-]>a{color:inherit;font-size:inherit;line-height:inherit}.elementor-widget-heading .elementor-heading-title.elementor-size-small{font-size:15px}.elementor-widget-heading .elementor-heading-title.elementor-size-medium{font-size:19px}.elementor-widget-heading .elementor-heading-title.elementor-size-large{font-size:29px}.elementor-widget-heading .elementor-heading-title.elementor-size-xl{font-size:39px}.elementor-widget-heading .elementor-heading-title.elementor-size-xxl{font-size:59px}<\/style><h5 class=\"elementor-heading-title elementor-size-default\">PUBLIKACE ARCHITEKTURA PRO VE\u0158EJNOST<\/h5>\t\t<\/div>\n\t\t\t\t<\/div>\n\t\t\t\t\t<\/div>\n\t\t<\/div>\n\t\t\t\t\t<\/div>\n\t\t<\/section>\n\t\t\t\t<section class=\"elementor-section elementor-top-section elementor-element elementor-element-08b6eaa elementor-section-boxed elementor-section-height-default elementor-section-height-default\" data-id=\"08b6eaa\" data-element_type=\"section\">\n\t\t\t\t\t\t<div class=\"elementor-container elementor-column-gap-default\">\n\t\t\t\t\t<div class=\"elementor-column elementor-col-100 elementor-top-column elementor-element elementor-element-08042e5\" data-id=\"08042e5\" data-element_type=\"column\">\n\t\t\t<div class=\"elementor-widget-wrap elementor-element-populated\">\n\t\t\t\t\t\t<div class=\"elementor-element elementor-element-740be42 elementor-widget-divider--view-line elementor-widget elementor-widget-divider\" data-id=\"740be42\" data-element_type=\"widget\" data-widget_type=\"divider.default\">\n\t\t\t\t<div class=\"elementor-widget-container\">\n\t\t\t<style>\/*! elementor - v3.23.0 - 15-07-2024 *\/\n.elementor-widget-divider{--divider-border-style:none;--divider-border-width:1px;--divider-color:#0c0d0e;--divider-icon-size:20px;--divider-element-spacing:10px;--divider-pattern-height:24px;--divider-pattern-size:20px;--divider-pattern-url:none;--divider-pattern-repeat:repeat-x}.elementor-widget-divider .elementor-divider{display:flex}.elementor-widget-divider .elementor-divider__text{font-size:15px;line-height:1;max-width:95%}.elementor-widget-divider .elementor-divider__element{margin:0 var(--divider-element-spacing);flex-shrink:0}.elementor-widget-divider .elementor-icon{font-size:var(--divider-icon-size)}.elementor-widget-divider .elementor-divider-separator{display:flex;margin:0;direction:ltr}.elementor-widget-divider--view-line_icon .elementor-divider-separator,.elementor-widget-divider--view-line_text .elementor-divider-separator{align-items:center}.elementor-widget-divider--view-line_icon .elementor-divider-separator:after,.elementor-widget-divider--view-line_icon .elementor-divider-separator:before,.elementor-widget-divider--view-line_text .elementor-divider-separator:after,.elementor-widget-divider--view-line_text .elementor-divider-separator:before{display:block;content:\"\";border-block-end:0;flex-grow:1;border-block-start:var(--divider-border-width) var(--divider-border-style) var(--divider-color)}.elementor-widget-divider--element-align-left .elementor-divider .elementor-divider-separator>.elementor-divider__svg:first-of-type{flex-grow:0;flex-shrink:100}.elementor-widget-divider--element-align-left .elementor-divider-separator:before{content:none}.elementor-widget-divider--element-align-left .elementor-divider__element{margin-left:0}.elementor-widget-divider--element-align-right .elementor-divider .elementor-divider-separator>.elementor-divider__svg:last-of-type{flex-grow:0;flex-shrink:100}.elementor-widget-divider--element-align-right .elementor-divider-separator:after{content:none}.elementor-widget-divider--element-align-right .elementor-divider__element{margin-right:0}.elementor-widget-divider--element-align-start .elementor-divider .elementor-divider-separator>.elementor-divider__svg:first-of-type{flex-grow:0;flex-shrink:100}.elementor-widget-divider--element-align-start .elementor-divider-separator:before{content:none}.elementor-widget-divider--element-align-start .elementor-divider__element{margin-inline-start:0}.elementor-widget-divider--element-align-end .elementor-divider .elementor-divider-separator>.elementor-divider__svg:last-of-type{flex-grow:0;flex-shrink:100}.elementor-widget-divider--element-align-end .elementor-divider-separator:after{content:none}.elementor-widget-divider--element-align-end .elementor-divider__element{margin-inline-end:0}.elementor-widget-divider:not(.elementor-widget-divider--view-line_text):not(.elementor-widget-divider--view-line_icon) .elementor-divider-separator{border-block-start:var(--divider-border-width) var(--divider-border-style) var(--divider-color)}.elementor-widget-divider--separator-type-pattern{--divider-border-style:none}.elementor-widget-divider--separator-type-pattern.elementor-widget-divider--view-line .elementor-divider-separator,.elementor-widget-divider--separator-type-pattern:not(.elementor-widget-divider--view-line) .elementor-divider-separator:after,.elementor-widget-divider--separator-type-pattern:not(.elementor-widget-divider--view-line) .elementor-divider-separator:before,.elementor-widget-divider--separator-type-pattern:not([class*=elementor-widget-divider--view]) .elementor-divider-separator{width:100%;min-height:var(--divider-pattern-height);-webkit-mask-size:var(--divider-pattern-size) 100%;mask-size:var(--divider-pattern-size) 100%;-webkit-mask-repeat:var(--divider-pattern-repeat);mask-repeat:var(--divider-pattern-repeat);background-color:var(--divider-color);-webkit-mask-image:var(--divider-pattern-url);mask-image:var(--divider-pattern-url)}.elementor-widget-divider--no-spacing{--divider-pattern-size:auto}.elementor-widget-divider--bg-round{--divider-pattern-repeat:round}.rtl .elementor-widget-divider .elementor-divider__text{direction:rtl}.e-con-inner>.elementor-widget-divider,.e-con>.elementor-widget-divider{width:var(--container-widget-width,100%);--flex-grow:var(--container-widget-flex-grow)}<\/style>\t\t<div class=\"elementor-divider\">\n\t\t\t<span class=\"elementor-divider-separator\">\n\t\t\t\t\t\t<\/span>\n\t\t<\/div>\n\t\t\t\t<\/div>\n\t\t\t\t<\/div>\n\t\t\t\t\t<\/div>\n\t\t<\/div>\n\t\t\t\t\t<\/div>\n\t\t<\/section>\n\t\t\t\t<section class=\"elementor-section elementor-top-section elementor-element elementor-element-6b21509 elementor-section-boxed elementor-section-height-default elementor-section-height-default\" data-id=\"6b21509\" data-element_type=\"section\">\n\t\t\t\t\t\t<div class=\"elementor-container elementor-column-gap-default\">\n\t\t\t\t\t<div class=\"elementor-column elementor-col-100 elementor-top-column elementor-element elementor-element-ad4bf7c\" data-id=\"ad4bf7c\" data-element_type=\"column\">\n\t\t\t<div class=\"elementor-widget-wrap elementor-element-populated\">\n\t\t\t\t\t\t<div class=\"elementor-element elementor-element-3e7ff60 elementor-widget elementor-widget-image\" data-id=\"3e7ff60\" data-element_type=\"widget\" data-widget_type=\"image.default\">\n\t\t\t\t<div class=\"elementor-widget-container\">\n\t\t\t<style>\/*! elementor - v3.23.0 - 15-07-2024 *\/\n.elementor-widget-image{text-align:center}.elementor-widget-image a{display:inline-block}.elementor-widget-image a img[src$=\".svg\"]{width:48px}.elementor-widget-image img{vertical-align:middle;display:inline-block}<\/style>\t\t\t\t\t\t\t\t\t\t<img fetchpriority=\"high\" decoding=\"async\" width=\"640\" height=\"408\" src=\"https:\/\/www.operapragensia.cz\/wp-content\/uploads\/2026\/02\/ObalkaMaster00-1-1-1024x652.png\" class=\"attachment-large size-large wp-image-3652\" alt=\"\" srcset=\"https:\/\/www.operapragensia.cz\/wp-content\/uploads\/2026\/02\/ObalkaMaster00-1-1-1024x652.png 1024w, https:\/\/www.operapragensia.cz\/wp-content\/uploads\/2026\/02\/ObalkaMaster00-1-1-300x191.png 300w, https:\/\/www.operapragensia.cz\/wp-content\/uploads\/2026\/02\/ObalkaMaster00-1-1-768x489.png 768w, https:\/\/www.operapragensia.cz\/wp-content\/uploads\/2026\/02\/ObalkaMaster00-1-1-1536x979.png 1536w, https:\/\/www.operapragensia.cz\/wp-content\/uploads\/2026\/02\/ObalkaMaster00-1-1-2048x1305.png 2048w\" sizes=\"(max-width: 640px) 100vw, 640px\" \/>\t\t\t\t\t\t\t\t\t\t\t\t\t<\/div>\n\t\t\t\t<\/div>\n\t\t\t\t\t<\/div>\n\t\t<\/div>\n\t\t\t\t\t<\/div>\n\t\t<\/section>\n\t\t\t\t<section class=\"elementor-section elementor-top-section elementor-element elementor-element-430de16 elementor-section-boxed elementor-section-height-default elementor-section-height-default\" data-id=\"430de16\" data-element_type=\"section\">\n\t\t\t\t\t\t<div class=\"elementor-container elementor-column-gap-default\">\n\t\t\t\t\t<div class=\"elementor-column elementor-col-100 elementor-top-column elementor-element elementor-element-262b444\" data-id=\"262b444\" data-element_type=\"column\">\n\t\t\t<div class=\"elementor-widget-wrap elementor-element-populated\">\n\t\t\t\t\t\t<div class=\"elementor-element elementor-element-7b45ca5 elementor-widget elementor-widget-text-editor\" data-id=\"7b45ca5\" data-element_type=\"widget\" data-widget_type=\"text-editor.default\">\n\t\t\t\t<div class=\"elementor-widget-container\">\n\t\t\t<style>\/*! elementor - v3.23.0 - 15-07-2024 *\/\n.elementor-widget-text-editor.elementor-drop-cap-view-stacked .elementor-drop-cap{background-color:#69727d;color:#fff}.elementor-widget-text-editor.elementor-drop-cap-view-framed .elementor-drop-cap{color:#69727d;border:3px solid;background-color:transparent}.elementor-widget-text-editor:not(.elementor-drop-cap-view-default) .elementor-drop-cap{margin-top:8px}.elementor-widget-text-editor:not(.elementor-drop-cap-view-default) .elementor-drop-cap-letter{width:1em;height:1em}.elementor-widget-text-editor .elementor-drop-cap{float:left;text-align:center;line-height:1;font-size:50px}.elementor-widget-text-editor .elementor-drop-cap-letter{display:inline-block}<\/style>\t\t\t\t<p id=\"-wm-isPasted\">Publikace\u00a0<strong>Architektura pro ve\u0159ejnost\u00a0<\/strong>p\u0159in\u00e1\u0161\u00ed jedine\u010dn\u00fd pohled na sou\u010dasnou architekturu ve\u0159ejn\u00e9ho prostoru v hlavn\u00edm m\u011bst\u011b. P\u0159edstavuje v\u00edt\u011bzn\u00e9 a nominovan\u00e9 projekty Cen starost\u016f jednotliv\u00fdch m\u011bstsk\u00fdch \u010d\u00e1st\u00ed a ukazuje, jak kvalitn\u00ed architektura a promy\u0161len\u00fd ve\u0159ejn\u00fd prostor ovliv\u0148uj\u00ed ka\u017edodenn\u00ed \u017eivot Pra\u017ean\u016f. Publikace nab\u00edz\u00ed nejen p\u0159ehled v\u00fdjime\u010dn\u00fdch realizac\u00ed, ale tak\u00e9 jejich \u0161ir\u0161\u00ed kulturn\u00ed, urbanistick\u00fd a spole\u010densk\u00fd kontext, dopln\u011bn\u00fd o rozhovory s kl\u00ed\u010dov\u00fdmi akt\u00e9ry rozvoje m\u011bsta.<\/p><p>R\u00e1di bychom spole\u010dn\u011b pod\u011bkovali\u00a0<strong>starost\u016fm m\u011bstsk\u00fdch \u010d\u00e1st\u00ed hlavn\u00edho m\u011bsta Prahy<\/strong>\u00a0za jejich otev\u0159enost, \u010das v\u011bnovan\u00fd rozhovor\u016fm a dlouhodob\u00fd z\u00e1jem o t\u00e9ma ve\u0159ejn\u00e9ho prostoru. Jejich osobn\u00ed pohledy, zku\u0161enosti a odpov\u011bdnost za sv\u011b\u0159en\u00e1 \u00fazem\u00ed tvo\u0159\u00ed jeden ze z\u00e1kladn\u00edch pil\u00ed\u0159\u016f publikace a potvrzuj\u00ed, \u017ee kvalitn\u00ed architektura je ned\u00edlnou sou\u010d\u00e1st\u00ed funguj\u00edc\u00edho a \u017eiv\u00e9ho m\u011bsta.<\/p><p>Pod\u011bkov\u00e1n\u00ed d\u00e1le pat\u0159\u00ed m\u011bstsk\u00fdm firm\u00e1m\u00a0<strong>Pra\u017esk\u00e9 vodovody a kanalizace<\/strong>,\u00a0<strong>skupin\u011b Veolia<\/strong>,\u00a0<strong>Pra\u017esk\u00e9 vodohospod\u00e1\u0159sk\u00e9 spole\u010dnosti<\/strong>,\u00a0<strong>Technologi\u00edm hlavn\u00edho m\u011bsta Prahy<\/strong>\u00a0a\u00a0<strong>Pra\u017esk\u00e9 energetice<\/strong>, kter\u00e9 se dlouhodob\u011b pod\u00edlej\u00ed na zaji\u0161t\u011bn\u00ed chodu m\u011bsta a rozvoji jeho infrastruktury.\u00a0<\/p><p>D\u011bkujeme tak\u00e9 partner\u016fm a spolupracuj\u00edc\u00edm spole\u010dnostem publikace\u00a0<strong>ORLEN Unipetrol<\/strong>,\u00a0<strong>SUDOP PRAHA<\/strong>,\u00a0<strong>METROPROJEKT Praha<\/strong>,\u00a0<strong>Spr\u00e1v\u011b \u017eeleznic<\/strong>\u00a0a spole\u010dnosti\u00a0<strong>PETROF<\/strong>\u00a0za jejich podporu a spolupr\u00e1ci p\u0159i tvorb\u011b publikace.\u00a0 Pod\u011bkov\u00e1n\u00ed pat\u0159\u00ed rovn\u011b\u017e spolupracuj\u00edc\u00edm instituc\u00edm \u2013\u00a0<strong>m\u011bstu Var\u0161ava<\/strong>,\u00a0<strong>Polsk\u00e9mu institutu v Praze<\/strong>\u00a0a\u00a0<strong>Velvyslanectv\u00ed Polsk\u00e9 republiky v Praze<\/strong>, jejich\u017e zapojen\u00ed p\u0159isp\u011blo k mezin\u00e1rodn\u00edmu rozm\u011bru projektu.<\/p><p>Publikace je ur\u010dena nejen odborn\u00e9 ve\u0159ejnosti, ale p\u0159edev\u0161\u00edm obyvatel\u016fm Prahy. Prost\u0159ednictv\u00edm kvalitn\u00edch fotografi\u00ed, odborn\u00fdch text\u016f a osobn\u00edch v\u00fdpov\u011bd\u00ed ukazuje architekturu jako \u017eivou sou\u010d\u00e1st m\u011bsta a inspiruje k hlub\u0161\u00edmu z\u00e1jmu o prost\u0159ed\u00ed, ve kter\u00e9m \u017eijeme.<\/p><p>Z\u00e1rove\u0148 se ji\u017e nyn\u00ed d\u00edv\u00e1me dop\u0159edu. Leto\u0161n\u00ed ro\u010dn\u00edk Ceny hl. m. Prahy za architekturu a pam\u00e1tkovou p\u00e9\u010di Opera Pragensia se zam\u011b\u0159\u00ed na\u00a0<strong>soci\u00e1ln\u00ed infrastrukturu<\/strong>\u00a0\u2013 oblast, kter\u00e1 je pro fungov\u00e1n\u00ed m\u011bsta nem\u00e9n\u011b d\u016fle\u017eit\u00e1. Projekty zdravotn\u00ed, vzd\u011bl\u00e1vac\u00ed, soci\u00e1ln\u00ed, komunitn\u00ed a kulturn\u00ed infrastruktury formuj\u00ed kvalitu \u017eivota, posiluj\u00ed soudr\u017enost spole\u010dnosti a vytv\u00e1\u0159ej\u00ed d\u016fstojn\u00e9 a p\u0159\u00edstupn\u00e9 prost\u0159ed\u00ed pro ka\u017edodenn\u00ed \u017eivot Pra\u017ean\u016f. T\u00e9ma leto\u0161n\u00edho ro\u010dn\u00edku tak p\u0159irozen\u011b navazuje na ve\u0159ejn\u00fd prostor a roz\u0161i\u0159uje pohled na m\u011bsto jako celek, kter\u00fd m\u00e1 nejen dob\u0159e fungovat a vypadat, ale p\u0159edev\u0161\u00edm slou\u017eit lidem.<\/p><div>Zvl\u00e1\u0161tn\u00ed pod\u011bkov\u00e1n\u00ed n\u00e1le\u017e\u00ed\u00a0<strong id=\"-wm-isPasted\">\u010cesk\u00e9 n\u00e1rodn\u00ed bance<\/strong>\u00a0za spoluorganizaci slavnostn\u00edho ve\u010dera a ud\u011blen\u00ed Ceny Grand Prix Opera Pragensia 2025. Speci\u00e1ln\u00ed pod\u011bkov\u00e1n\u00ed pat\u0159\u00ed rovn\u011b\u017e\u00a0<strong>\u010cesk\u00e9 mincovn\u011b<\/strong>\u00a0za n\u00e1vrh, tvorbu a ra\u017ebu slavnostn\u00edch medail\u00ed pro Ceny hl. m. Prahy Opera Pragensia.\u00a0<\/div>\t\t\t\t\t\t<\/div>\n\t\t\t\t<\/div>\n\t\t\t\t\t<\/div>\n\t\t<\/div>\n\t\t\t\t\t<\/div>\n\t\t<\/section>\n\t\t\t\t<section class=\"elementor-section elementor-top-section elementor-element elementor-element-339e9b3 elementor-section-boxed elementor-section-height-default elementor-section-height-default\" data-id=\"339e9b3\" data-element_type=\"section\">\n\t\t\t\t\t\t<div class=\"elementor-container elementor-column-gap-default\">\n\t\t\t\t\t<div class=\"elementor-column elementor-col-100 elementor-top-column elementor-element elementor-element-5dc15f8\" data-id=\"5dc15f8\" data-element_type=\"column\">\n\t\t\t<div class=\"elementor-widget-wrap elementor-element-populated\">\n\t\t\t\t\t\t<div class=\"elementor-element elementor-element-4549099 elementor-widget elementor-widget-image\" data-id=\"4549099\" data-element_type=\"widget\" data-widget_type=\"image.default\">\n\t\t\t\t<div class=\"elementor-widget-container\">\n\t\t\t\t\t\t\t\t\t\t\t\t\t\t<a href=\"http:\/\/www.operapragensia.cz\/wp-content\/uploads\/2026\/02\/Katalog-Verejny-Prostor-WEB-2.pdf\">\n\t\t\t\t\t\t\t<img decoding=\"async\" width=\"640\" height=\"812\" src=\"https:\/\/www.operapragensia.cz\/wp-content\/uploads\/2026\/02\/Architektura-pro-verejnost-Obalka-1211x1536-1-807x1024.jpg\" class=\"attachment-large size-large wp-image-3665\" alt=\"\" srcset=\"https:\/\/www.operapragensia.cz\/wp-content\/uploads\/2026\/02\/Architektura-pro-verejnost-Obalka-1211x1536-1-807x1024.jpg 807w, https:\/\/www.operapragensia.cz\/wp-content\/uploads\/2026\/02\/Architektura-pro-verejnost-Obalka-1211x1536-1-237x300.jpg 237w, https:\/\/www.operapragensia.cz\/wp-content\/uploads\/2026\/02\/Architektura-pro-verejnost-Obalka-1211x1536-1-768x974.jpg 768w, https:\/\/www.operapragensia.cz\/wp-content\/uploads\/2026\/02\/Architektura-pro-verejnost-Obalka-1211x1536-1.jpg 1211w\" sizes=\"(max-width: 640px) 100vw, 640px\" \/>\t\t\t\t\t\t\t\t<\/a>\n\t\t\t\t\t\t\t\t\t\t\t\t\t<\/div>\n\t\t\t\t<\/div>\n\t\t\t\t\t<\/div>\n\t\t<\/div>\n\t\t\t\t\t<\/div>\n\t\t<\/section>\n\t\t\t\t<\/div>\n\t\t","protected":false},"excerpt":{"rendered":"<p>PUBLIKACE ARCHITEKTURA PRO VE\u0158EJNOST Publikace\u00a0Architektura pro ve\u0159ejnost\u00a0p\u0159in\u00e1\u0161\u00ed jedine\u010dn\u00fd pohled na sou\u010dasnou architekturu ve\u0159ejn\u00e9ho prostoru v hlavn\u00edm m\u011bst\u011b. P\u0159edstavuje v\u00edt\u011bzn\u00e9 a nominovan\u00e9 projekty Cen starost\u016f jednotliv\u00fdch m\u011bstsk\u00fdch \u010d\u00e1st\u00ed a ukazuje, jak kvalitn\u00ed architektura a promy\u0161len\u00fd ve\u0159ejn\u00fd prostor ovliv\u0148uj\u00ed ka\u017edodenn\u00ed \u017eivot Pra\u017ean\u016f. Publikace nab\u00edz\u00ed nejen p\u0159ehled v\u00fdjime\u010dn\u00fdch realizac\u00ed, ale tak\u00e9 jejich \u0161ir\u0161\u00ed kulturn\u00ed, urbanistick\u00fd a spole\u010densk\u00fd kontext, dopln\u011bn\u00fd o rozhovory s kl\u00ed\u010dov\u00fdmi akt\u00e9ry rozvoje m\u011bsta. R\u00e1di bychom spole\u010dn\u011b pod\u011bkovali\u00a0starost\u016fm m\u011bstsk\u00fdch \u010d\u00e1st\u00ed hlavn\u00edho m\u011bsta Prahy\u00a0za jejich otev\u0159enost, \u010das v\u011bnovan\u00fd rozhovor\u016fm a dlouhodob\u00fd z\u00e1jem o t\u00e9ma ve\u0159ejn\u00e9ho prostoru. Jejich &hellip; <\/p>\n","protected":false},"author":1,"featured_media":0,"parent":0,"menu_order":0,"comment_status":"closed","ping_status":"closed","template":"","meta":{"footnotes":""},"class_list":["post-3650","page","type-page","status-publish","hentry"],"_links":{"self":[{"href":"https:\/\/www.operapragensia.cz\/index.php?rest_route=\/wp\/v2\/pages\/3650","targetHints":{"allow":["GET"]}}],"collection":[{"href":"https:\/\/www.operapragensia.cz\/index.php?rest_route=\/wp\/v2\/pages"}],"about":[{"href":"https:\/\/www.operapragensia.cz\/index.php?rest_route=\/wp\/v2\/types\/page"}],"author":[{"embeddable":true,"href":"https:\/\/www.operapragensia.cz\/index.php?rest_route=\/wp\/v2\/users\/1"}],"replies":[{"embeddable":true,"href":"https:\/\/www.operapragensia.cz\/index.php?rest_route=%2Fwp%2Fv2%2Fcomments&post=3650"}],"version-history":[{"count":13,"href":"https:\/\/www.operapragensia.cz\/index.php?rest_route=\/wp\/v2\/pages\/3650\/revisions"}],"predecessor-version":[{"id":3670,"href":"https:\/\/www.operapragensia.cz\/index.php?rest_route=\/wp\/v2\/pages\/3650\/revisions\/3670"}],"wp:attachment":[{"href":"https:\/\/www.operapragensia.cz\/index.php?rest_route=%2Fwp%2Fv2%2Fmedia&parent=3650"}],"curies":[{"name":"wp","href":"https:\/\/api.w.org\/{rel}","templated":true}]}}